{"id":1493,"date":"2013-04-02T11:57:36","date_gmt":"2013-04-02T11:57:36","guid":{"rendered":"http:\/\/www.aezuff.org\/extranet\/?page_id=1493"},"modified":"2013-04-02T12:02:07","modified_gmt":"2013-04-02T12:02:07","slug":"catalogo-de-livros","status":"publish","type":"page","link":"http:\/\/www.aezuff.org\/extranet\/biblioteca-joao-de-barros\/mapa-de-frequencia-rbe-abadias\/catalogo-de-livros\/","title":{"rendered":"Cat\u00e1logo de Livros Abadias"},"content":{"rendered":"<h4 style=\"text-align: justify;\"><span style=\"color: #333399;\">Servi\u00e7o disponibilizado pela Rede Bibliotecas Escolares que possibilita o alojamento, de forma aut\u00f3noma, dos cat\u00e1logos das escolas, permitindo a pesquisa bibliogr\u00e1fica em linha.<\/span><\/h4>\n<p>&nbsp;<\/p>\n<p><a href=\"http:\/\/212.55.143.29\/bibliopac\/bin\/wxis.exe\/bibliopac\/?IsisScript=bibliopac\/bin\/bibliopac.xic&amp;db=EB1ABDSFGRFZ&amp;lang=P&amp;start=cfg-drec\" rel=\"attachment wp-att-1487\"><img decoding=\"async\" loading=\"lazy\" class=\"aligncenter size-full wp-image-1487\" title=\"rede bibliotecas\" src=\"http:\/\/www.aezuff.org\/extranet\/wp-content\/uploads\/2012\/10\/\/2013\/04\/rede-bibliotecas-e1364902155247.jpg\" alt=\"\" width=\"135\" height=\"68\" \/><\/a><\/p>\n","protected":false},"excerpt":{"rendered":"<p>Servi\u00e7o disponibilizado pela Rede Bibliotecas Escolares que possibilita o alojamento, de forma aut\u00f3noma, dos cat\u00e1logos das escolas, permitindo a pesquisa bibliogr\u00e1fica em linha. &nbsp;<\/p>\n","protected":false},"author":1,"featured_media":0,"parent":1281,"menu_order":0,"comment_status":"closed","ping_status":"open","template":"","meta":{"footnotes":""},"_links":{"self":[{"href":"http:\/\/www.aezuff.org\/extranet\/wp-json\/wp\/v2\/pages\/1493"}],"collection":[{"href":"http:\/\/www.aezuff.org\/extranet\/wp-json\/wp\/v2\/pages"}],"about":[{"href":"http:\/\/www.aezuff.org\/extranet\/wp-json\/wp\/v2\/types\/page"}],"author":[{"embeddable":true,"href":"http:\/\/www.aezuff.org\/extranet\/wp-json\/wp\/v2\/users\/1"}],"replies":[{"embeddable":true,"href":"http:\/\/www.aezuff.org\/extranet\/wp-json\/wp\/v2\/comments?post=1493"}],"version-history":[{"count":2,"href":"http:\/\/www.aezuff.org\/extranet\/wp-json\/wp\/v2\/pages\/1493\/revisions"}],"predecessor-version":[{"id":1500,"href":"http:\/\/www.aezuff.org\/extranet\/wp-json\/wp\/v2\/pages\/1493\/revisions\/1500"}],"up":[{"embeddable":true,"href":"http:\/\/www.aezuff.org\/extranet\/wp-json\/wp\/v2\/pages\/1281"}],"wp:attachment":[{"href":"http:\/\/www.aezuff.org\/extranet\/wp-json\/wp\/v2\/media?parent=1493"}],"curies":[{"name":"wp","href":"https:\/\/api.w.org\/{rel}","templated":true}]}}