{"id":1241,"date":"2012-12-11T15:50:00","date_gmt":"2012-12-11T15:50:00","guid":{"rendered":"http:\/\/www.aezuff.org\/extranet\/?page_id=1241"},"modified":"2020-09-24T19:43:42","modified_gmt":"2020-09-24T19:43:42","slug":"normas-de-funcionamento","status":"publish","type":"page","link":"https:\/\/www.aezuff.org\/extranet\/a-escola\/1%c2%ba-ciclo\/abadias\/normas-de-funcionamento\/","title":{"rendered":"Normas de Funcionamento"},"content":{"rendered":"<h4 style=\"text-align: justify;\"><span style=\"color: #333333;\">As\u00a0Normas de Funcionamento foram elaboradas a partir da legisla\u00e7\u00e3o em vigor e do Regulamento Interno do Agrupamento e aprovadas em Conselho Pedag\u00f3gico.<\/span><\/h4>\n<h4 style=\"text-align: justify;\"><span style=\"color: #333333;\">Pretendem ser um documento orientador de condutas e procedimentos, de f\u00e1cil acesso a toda a comunidade educativa nomeadamente aos alunos desta escola pelo que se tentou fazer algumas altera\u00e7\u00f5es em rela\u00e7\u00e3o aos documentos em que se baseou, nomeadamente a n\u00edvel de simplifica\u00e7\u00e3o do vocabul\u00e1rio e de adequa\u00e7\u00e3o de conte\u00fados.<\/span><\/h4>\n<h3 style=\"text-align: justify;\"><span style=\"color: #333333;\">Pode consultar:<\/span><\/h3>\n<h4 style=\"text-align: justify;\"><span style=\"color: #333333;\">Escola:\u00a0<a href=\"http:\/\/www.aezuff.org\/extranet\/http:\/\/www.aezuff.org\/extranet\/wp-content\/uploads\/2012\/10\/\/2020\/09\/Abadias.pdf\">Normas de funcionamento_Abadias<\/a><\/span><\/h4>\n<h4>Biblioteca Escolar:\u00a0Regimento da Biblioteca Escolar das Abadias<\/h4>\n","protected":false},"excerpt":{"rendered":"<p>As\u00a0Normas de Funcionamento foram elaboradas a partir da legisla\u00e7\u00e3o em vigor e do Regulamento Interno do Agrupamento e aprovadas em Conselho Pedag\u00f3gico. Pretendem ser um documento orientador de condutas e procedimentos, de f\u00e1cil acesso&#46;&#46;&#46;<\/p>\n","protected":false},"author":1,"featured_media":0,"parent":127,"menu_order":4,"comment_status":"closed","ping_status":"open","template":"","meta":{"footnotes":""},"_links":{"self":[{"href":"https:\/\/www.aezuff.org\/extranet\/wp-json\/wp\/v2\/pages\/1241"}],"collection":[{"href":"https:\/\/www.aezuff.org\/extranet\/wp-json\/wp\/v2\/pages"}],"about":[{"href":"https:\/\/www.aezuff.org\/extranet\/wp-json\/wp\/v2\/types\/page"}],"author":[{"embeddable":true,"href":"https:\/\/www.aezuff.org\/extranet\/wp-json\/wp\/v2\/users\/1"}],"replies":[{"embeddable":true,"href":"https:\/\/www.aezuff.org\/extranet\/wp-json\/wp\/v2\/comments?post=1241"}],"version-history":[{"count":10,"href":"https:\/\/www.aezuff.org\/extranet\/wp-json\/wp\/v2\/pages\/1241\/revisions"}],"predecessor-version":[{"id":10257,"href":"https:\/\/www.aezuff.org\/extranet\/wp-json\/wp\/v2\/pages\/1241\/revisions\/10257"}],"up":[{"embeddable":true,"href":"https:\/\/www.aezuff.org\/extranet\/wp-json\/wp\/v2\/pages\/127"}],"wp:attachment":[{"href":"https:\/\/www.aezuff.org\/extranet\/wp-json\/wp\/v2\/media?parent=1241"}],"curies":[{"name":"wp","href":"https:\/\/api.w.org\/{rel}","templated":true}]}}