{"id":1304,"date":"2013-02-04T09:44:04","date_gmt":"2013-02-04T09:44:04","guid":{"rendered":"http:\/\/www.aezuff.org\/extranet\/?page_id=1304"},"modified":"2020-09-24T19:38:12","modified_gmt":"2020-09-24T19:38:12","slug":"normas-de-funcionamento-ji-conde-ferreira","status":"publish","type":"page","link":"https:\/\/www.aezuff.org\/extranet\/a-escola\/jardim-de-infancia\/conde-ferreira\/normas-de-funcionamento-ji-conde-ferreira\/","title":{"rendered":"Normas de Funcionamento"},"content":{"rendered":"<address>Estas Normas de Funcionamento do Jardim de Inf\u00e2ncia Conde de Ferreira foram elaboradas a partir da legisla\u00e7\u00e3o em vigor e do Regulamento Interno do Agrupamento e aprovadas em Conselho Pedag\u00f3gico.<br \/>\nPretendem ser um documento orientador de condutas e procedimentos, de f\u00e1cil acesso a toda a comunidade educativa nomeadamente aos alunos desta escola pelo que se tentou fazer algumas altera\u00e7\u00f5es em rela\u00e7\u00e3o aos documentos em que se baseou, nomeadamente a n\u00edvel de simplifica\u00e7\u00e3o do vocabul\u00e1rio e de adequa\u00e7\u00e3o de conte\u00fados.<\/address>\n<p>&nbsp;<\/p>\n<blockquote>\n<p style=\"margin: 12px auto 6px; font-family: Helvetica, Arial, sans-serif; font-style: normal; font-variant: normal; font-weight: normal; font-size: 14px; line-height: normal; font-stretch: normal; display: block; text-align: justify;\"><a href=\"http:\/\/www.aezuff.org\/extranet\/http:\/\/www.aezuff.org\/extranet\/wp-content\/uploads\/2012\/10\/\/2011\/11\/Normas-de-funcionamento.JI-CONDE-DE-FERRREIRAdocx.pdf\"><span style=\"color: #008000;\"><em><strong>Normas de Funcionamento Conde de Ferreira<\/strong><\/em><\/span><\/a><\/p>\n<\/blockquote>\n<p style=\"text-align: justify;\">\n","protected":false},"excerpt":{"rendered":"<p>Estas Normas de Funcionamento do Jardim de Inf\u00e2ncia Conde de Ferreira foram elaboradas a partir da legisla\u00e7\u00e3o em vigor e do Regulamento Interno do Agrupamento e aprovadas em Conselho Pedag\u00f3gico. Pretendem ser um documento&#46;&#46;&#46;<\/p>\n","protected":false},"author":1,"featured_media":3738,"parent":125,"menu_order":10,"comment_status":"closed","ping_status":"open","template":"","meta":{"footnotes":""},"_links":{"self":[{"href":"https:\/\/www.aezuff.org\/extranet\/wp-json\/wp\/v2\/pages\/1304"}],"collection":[{"href":"https:\/\/www.aezuff.org\/extranet\/wp-json\/wp\/v2\/pages"}],"about":[{"href":"https:\/\/www.aezuff.org\/extranet\/wp-json\/wp\/v2\/types\/page"}],"author":[{"embeddable":true,"href":"https:\/\/www.aezuff.org\/extranet\/wp-json\/wp\/v2\/users\/1"}],"replies":[{"embeddable":true,"href":"https:\/\/www.aezuff.org\/extranet\/wp-json\/wp\/v2\/comments?post=1304"}],"version-history":[{"count":5,"href":"https:\/\/www.aezuff.org\/extranet\/wp-json\/wp\/v2\/pages\/1304\/revisions"}],"predecessor-version":[{"id":10255,"href":"https:\/\/www.aezuff.org\/extranet\/wp-json\/wp\/v2\/pages\/1304\/revisions\/10255"}],"up":[{"embeddable":true,"href":"https:\/\/www.aezuff.org\/extranet\/wp-json\/wp\/v2\/pages\/125"}],"wp:featuredmedia":[{"embeddable":true,"href":"https:\/\/www.aezuff.org\/extranet\/wp-json\/wp\/v2\/media\/3738"}],"wp:attachment":[{"href":"https:\/\/www.aezuff.org\/extranet\/wp-json\/wp\/v2\/media?parent=1304"}],"curies":[{"name":"wp","href":"https:\/\/api.w.org\/{rel}","templated":true}]}}