{"id":1495,"date":"2013-04-02T11:59:14","date_gmt":"2013-04-02T11:59:14","guid":{"rendered":"http:\/\/www.aezuff.org\/extranet\/?page_id=1495"},"modified":"2014-02-10T15:24:28","modified_gmt":"2014-02-10T15:24:28","slug":"catalogo-de-livros-2","status":"publish","type":"page","link":"https:\/\/www.aezuff.org\/extranet\/biblioteca-joao-de-barros\/mapa-de-frequencia-rbe-abadias\/catalogo-de-livros-2\/","title":{"rendered":"Cat\u00e1logo de Livros Gala"},"content":{"rendered":"<h4 style=\"text-align: justify;\"><span style=\"color: #333399;\">Servi\u00e7o disponibilizado pela Rede Bibliotecas Escolares que possibilita o alojamento, de forma aut\u00f3noma, dos cat\u00e1logos das escolas, permitindo a pesquisa bibliogr\u00e1fica em linha.<\/span><\/h4>\n<p>&nbsp;<\/p>\n<p style=\"text-align: center;\"><a href=\"http:\/\/212.55.143.29\/bibliopac\/bin\/wxis.exe\/bibliopac\/?IsisScript=bibliopac\/bin\/bibliopac.xic&amp;db=EB1GALFGRFZ&amp;lang=P&amp;start=cfg-drec\" rel=\"attachment wp-att-1487\"><img decoding=\"async\" loading=\"lazy\" class=\"aligncenter size-full wp-image-1487\" title=\"rede bibliotecas\" alt=\"\" src=\"http:\/\/www.aezuff.org\/extranet\/wp-content\/uploads\/2012\/10\/\/2013\/04\/rede-bibliotecas-e1364902155247.jpg\" width=\"135\" height=\"68\" \/><\/a><\/p>\n","protected":false},"excerpt":{"rendered":"<p>Servi\u00e7o disponibilizado pela Rede Bibliotecas Escolares que possibilita o alojamento, de forma aut\u00f3noma, dos cat\u00e1logos das escolas, permitindo a pesquisa bibliogr\u00e1fica em linha. &nbsp;<\/p>\n","protected":false},"author":1,"featured_media":0,"parent":1281,"menu_order":0,"comment_status":"closed","ping_status":"open","template":"","meta":{"footnotes":""},"_links":{"self":[{"href":"https:\/\/www.aezuff.org\/extranet\/wp-json\/wp\/v2\/pages\/1495"}],"collection":[{"href":"https:\/\/www.aezuff.org\/extranet\/wp-json\/wp\/v2\/pages"}],"about":[{"href":"https:\/\/www.aezuff.org\/extranet\/wp-json\/wp\/v2\/types\/page"}],"author":[{"embeddable":true,"href":"https:\/\/www.aezuff.org\/extranet\/wp-json\/wp\/v2\/users\/1"}],"replies":[{"embeddable":true,"href":"https:\/\/www.aezuff.org\/extranet\/wp-json\/wp\/v2\/comments?post=1495"}],"version-history":[{"count":4,"href":"https:\/\/www.aezuff.org\/extranet\/wp-json\/wp\/v2\/pages\/1495\/revisions"}],"predecessor-version":[{"id":2330,"href":"https:\/\/www.aezuff.org\/extranet\/wp-json\/wp\/v2\/pages\/1495\/revisions\/2330"}],"up":[{"embeddable":true,"href":"https:\/\/www.aezuff.org\/extranet\/wp-json\/wp\/v2\/pages\/1281"}],"wp:attachment":[{"href":"https:\/\/www.aezuff.org\/extranet\/wp-json\/wp\/v2\/media?parent=1495"}],"curies":[{"name":"wp","href":"https:\/\/api.w.org\/{rel}","templated":true}]}}