{"id":6552,"date":"2017-02-22T11:16:04","date_gmt":"2017-02-22T11:16:04","guid":{"rendered":"http:\/\/www.aezuff.org\/extranet\/?page_id=6552"},"modified":"2017-02-22T11:52:45","modified_gmt":"2017-02-22T11:52:45","slug":"inauguracao-das-bibliotecas","status":"publish","type":"page","link":"https:\/\/www.aezuff.org\/extranet\/biblioteca-joao-de-barros\/inauguracao-das-bibliotecas\/","title":{"rendered":"Inaugura\u00e7\u00e3o das Bibliotecas"},"content":{"rendered":"<ul>\n<li><strong>Programa<\/strong> O Programa Rede de Bibliotecas Escolares (PRBE) foi lan\u00e7ado em 1996, pelos Minist\u00e9rios da Educa\u00e7\u00e3o e da Cultura, com o objetivo de instalar e desenvolver bibliotecas em escolas p\u00fablicas de todos os n\u00edveis de ensino, disponibilizando aos utilizadores os recursos necess\u00e1rios \u00e0 leitura, ao acesso, uso e produ\u00e7\u00e3o da informa\u00e7\u00e3o em suporte anal\u00f3gico, eletr\u00f3nico e digital. A RBE procura que a Biblioteca Escolar, como espa\u00e7o agregador de conhecimentos e recursos diversificados, seja na escola, um local implicado na mudan\u00e7a das pr\u00e1ticas educativas, no suporte \u00e0s aprendizagens, no apoio ao curr\u00edculo, no desenvolvimento da literacia digital, da informa\u00e7\u00e3o e dos m\u00e9dia, na forma\u00e7\u00e3o de leitores cr\u00edticos e na constru\u00e7\u00e3o da cidadania.<\/li>\n<li>http:\/\/www.rbe.min-edu.pt\/np4\/home<\/li>\n<\/ul>\n","protected":false},"excerpt":{"rendered":"<p>Programa O Programa Rede de Bibliotecas Escolares (PRBE) foi lan\u00e7ado em 1996, pelos Minist\u00e9rios da Educa\u00e7\u00e3o e da Cultura, com o objetivo de instalar e desenvolver bibliotecas em escolas p\u00fablicas de todos os n\u00edveis&#46;&#46;&#46;<\/p>\n","protected":false},"author":1,"featured_media":0,"parent":207,"menu_order":0,"comment_status":"closed","ping_status":"closed","template":"","meta":{"footnotes":""},"_links":{"self":[{"href":"https:\/\/www.aezuff.org\/extranet\/wp-json\/wp\/v2\/pages\/6552"}],"collection":[{"href":"https:\/\/www.aezuff.org\/extranet\/wp-json\/wp\/v2\/pages"}],"about":[{"href":"https:\/\/www.aezuff.org\/extranet\/wp-json\/wp\/v2\/types\/page"}],"author":[{"embeddable":true,"href":"https:\/\/www.aezuff.org\/extranet\/wp-json\/wp\/v2\/users\/1"}],"replies":[{"embeddable":true,"href":"https:\/\/www.aezuff.org\/extranet\/wp-json\/wp\/v2\/comments?post=6552"}],"version-history":[{"count":3,"href":"https:\/\/www.aezuff.org\/extranet\/wp-json\/wp\/v2\/pages\/6552\/revisions"}],"predecessor-version":[{"id":6555,"href":"https:\/\/www.aezuff.org\/extranet\/wp-json\/wp\/v2\/pages\/6552\/revisions\/6555"}],"up":[{"embeddable":true,"href":"https:\/\/www.aezuff.org\/extranet\/wp-json\/wp\/v2\/pages\/207"}],"wp:attachment":[{"href":"https:\/\/www.aezuff.org\/extranet\/wp-json\/wp\/v2\/media?parent=6552"}],"curies":[{"name":"wp","href":"https:\/\/api.w.org\/{rel}","templated":true}]}}